git of 1158640333?
6
What is the thousands digit of 3651583?
1
What is the hundred thousands digit of 2156889961?
8
What is the tens digit of 22632910?
1
What is the tens digit of 151747065?
6
What is the ten millions digit of 150545912?
5
What is the millions digit of 228950696?
8
What is the hundreds digit of 72095455?
4
What is the thousands digit of 17986036?
6
What is the hundred millions digit of 532603876?
5
What is the hundreds digit of 924623718?
7
What is the thousands digit of 252072094?
2
What is the tens digit of 84084496?
9
What is the millions digit of 187274954?
7
What is the tens digit of 736387736?
3
What is the hundred thousands digit of 685160381?
1
What is the ten millions digit of 429859168?
2
What is the ten thousands digit of 452110544?
1
What is the ten millions digit of 767192283?
6
What is the tens digit of 2203398459?
5
What is the thousands digit of 118491600?
1
What is the units digit of 689800214?
4
What is the ten millions digit of 213901138?
1
What is the hundred thousands digit of 22632703?
6
What is the hundred thousands digit of 46085254?
0
What is the hundreds digit of 37549451?
4
What is the units digit of 1572988881?
1
What is the millions digit of 4771962?
4
What is the hundreds digit of 1982070563?
5
What is the millions digit of 1221283590?
1
What is the ten millions digit of 46402527?
4
What is the hundred thousands digit of 149593598?
5
What is the thousands digit of 810257514?
7
What is the ten millions digit of 22289813?
2
What is the hundred millions digit of 2664827650?
6
What is the ten millions digit of 1996127021?
9
What is the ten millions digit of 67372071?
6
What is the units digit of 146357899?
9
What is the hundreds digit of 261282658?
6
What is the ten millions digit of 221859910?
2
What is the tens digit of 31143312?
1
What is the billions digit of 2932164441?
2
What is the tens digit of 744666949?
4
What is the hundreds digit of 225568794?
7
What is the thousands digit of 85889604?
9
What is the hundred thousands digit of 3004359444?
3
What is the ten millions digit of 1207251166?
0
What is the hundred millions digit of 1635307513?
6
What is the units digit of 102516309?
9
What is the ten thousands digit of 751496370?
9
What is the hundreds digit of 78807753?
7
What is the thousands digit of 6151825?
1
What is the units digit of 4955752098?
8
What is the hundred thousands digit of 26112234?
1
What is the millions digit of 21612851?
1
What is the thousands digit of 26743841?
3
What is the ten thousands digit of 960360677?
6
What is the ten millions digit of 162894016?
6
What is the units digit of 246258992?
2
What is the ten millions digit of 40906924?
4
What is the millions digit of 608617341?
8
What is the ten millions digit of 99747630?
9
What is the units digit of 235710696?
6
What is the hundreds digit of 4923558251?
2
What is the units digit of 599025496?
6
What is the thousands digit of 62948457?
8
What is the hundred millions digit of 227215534?
2
What is the hundred millions digit of 360789647?
3
What is the hundreds digit of 604646217?
2
What is the hundred thousands digit of 107141780?
1
What is the ten millions digit of 78378473?
7
What is the hundreds digit of 58136240?
2
What is the hundreds digit of 70041916?
9
What is the thousands digit of 857797977?
7
What is the units digit of 314010392?
2
What is the tens digit of 45698063?
6
What is the tens digit of 1289742649?
4
What is the hundred millions digit of 1133945437?
1
What is the thousands digit of 1477375064?
5
What is the units digit of 129234054?
4
What is the hundreds digit of 1381650353?
3
What is the thousands digit of 66632485?
2
What is the tens digit of 66852677?
7
What is the hundred millions digit of 518305729?
5
What is the thousands digit of 853434341?
4
What is the ten thousands digit of 36568779?
6
What is the hundred millions digit of 114018599?
1
What is the hundred millions digit of 907814352?
9
What is the hundred thousands digit of 1111713713?
7
What is the hundred thousands digit of 2242917853?
9
What is the hundred millions digit of 3315569561?
3
What is the thousands digit of 173679548?
9
What is the units digit of 8538558?
8
What is the tens digit of 204692722?
2
What is the ten millions digit of 2068314596?
6
What is the thousands digit of 787628681?
8
What is the thousands digit of 37229213?
9
What is the thousands digit of 84362694?
2
What is the millions digit of 486048602?
6
What is the millions digit of 387654425?
7
What is the units digit of 170217480?
0
What is the hundred thousands digit of 22689570?
6
What is the ten thousands digit of 6869958394?
5
What is the hundreds digit of 8684447?
4
What is the hundred millions digit of 3996295602?
9
What is the ten millions digit of 61871851?
6
What is the tens digit of 38852614?
1
What is the thousands digit of 361046103?
6
What is the units digit of 6485584335?
5
What is the tens digit of 11152546?
4
What is the ten thousands digit of 150378447?
7
What is the ten thousands digit of 54211291?
1
What is the hundreds digit of 190616106?
1
What is the hundred thousands digit of 745981566?
9
What is the ten thousands digit of 1115358214?
5
What is the hundred millions digit of 1471169500?
4
What is the hundred thousands digit of 2642753202?
7
What is the hundred thousands digit of 236756243?
7
What is the tens digit of 2798463518?
1
What is the millions digit of 356436260?
6
What is the millions digit of 4887950?
4
What is the tens digit of 593455487?
8
What is the millions digit of 64798430?
4
What is the tens digit of 483003?
0
What is the tens digit of 135786897?
9
What is the hundred thousands digit of 14384677?
3
What is the ten millions digit of 11606994?
1
What is the units digit of 43040365?
5
What is the tens digit of 127036481?
8
What is the millions digit of 143565953?
3
What is the hundred millions digit of 662353950?
6
What is the tens digit of 380203492?
9
What is the ten millions digit of 4075830277?
7
What is the millions digit of 129574586?
9
What is the hundred thousands digit of 614550759?
5
What is the hundred thousands digit of 4104189341?
1
What is the ten thousands digit of 219051299?
5
What is the ten millions digit of 12379352?
1
What is the thousands digit of 1678725124?
5
What is the hundreds digit of 17760691?
6
What is the tens digit of 2752044279?
7
What is the thousands digit of 530569867?
9
What is the ten thousands digit of 1725927138?
2
What is the tens digit of 397969403?
0
What is the hundred thousands digit of 41711127?
7
What is the hundred thousands digit of 1070324043?
3
What is the millions digit of 533862126?
3
What is the hundreds digit of 81689341?
3
What is the ten thousands digit of 52202030?
0
What is the hundreds digit of 22376943?
9
What is the tens digit of 11038792?
9
What is the hundreds digit of 3037344803?
8
What is the tens digit of 878045597?
9
What is the tens digit of 42271303?
0
What is the thousands digit of 1375663368?
3
What is the units digit of 298294753?
3
What is the hundred thousands digit of 391426486?
4
What is the hundred thousands digit of 339358077?
3
What is the hundred thousands digit of 22988837?
9
What is the hundred millions digit of 270288276?
2
What is the ten millions digit of 132717422?
3
What is the hundreds digit of 4521111671?
6
What is the hundred millions digit of 117607197?
1
What is the hundred millions digit of 124888511?
1
What is the tens digit of 82325423?
2
What is the tens digit of 2138765423?
2
What is the ten millions digit of 49477005?
4
What is the thousands digit of 216726646?
6
What is the hundred millions digit of 103590480?
1
What is the millions digit of 65727788?
5
What is the tens digit of 26280923?
2
What is the thousands digit of 11158721?
8
What is the ten thousands digit of 6662943967?
4
What is the ten thousands digit of 4332180?
3
What is the hundred thousands digit of 1841677904?
6
What is the units digit of 11961116?
6
What is the ten thousands digit of 468727449?
2
What is the units digit of 490415731?
1
What is the hundred thousands digit of 4352845679?
8
What is the hundred thousands digit of 171373483?
3
What is the millions digit of 701996844?
1
What is the hundreds digit of 1109497204?
2
What is the ten millions digit of 7731